 base 16?
47c
Convert -320312 (base 4) to base 10.
-3638
-2751 (base 8) to base 4
-113221
What is -4631 (base 10) in base 12?
-281b
-104203 (base 5) to base 15
-1153
-7d1 (base 14) to base 15
-6da
1111100011 (base 2) to base 12
6ab
What is 542153 (base 6) in base 14?
12353
What is a77 (base 15) in base 8?
4472
Convert 122020012 (base 3) to base 16.
3110
200011 (base 4) to base 13
c1c
What is -662 (base 12) in base 15?
-428
What is -383 (base 16) in base 9?
-1208
What is -100211 (base 4) in base 9?
-1408
What is 532 (base 9) in base 11?
365
-241 (base 13) to base 16
-187
Convert -32213 (base 4) to base 9.
-1248
25305 (base 8) to base 15
339e
Convert 26ad3 (base 14) to base 12.
47295
-83810 (base 9) to base 13
-1c254
Convert 398 (base 14) to base 12.
502
-1100110110 (base 2) to base 14
-42a
-2146 (base 7) to base 4
-30001
Convert 191 (base 12) to base 13.
166
What is 1323 (base 14) in base 9?
4546
Convert -25b6 (base 13) to base 16.
-150c
What is -12a4 (base 15) in base 3?
-12110101
-1599 (base 16) to base 13
-2694
What is -6236 (base 16) in base 8?
-61066
Convert 12826 (base 9) to base 2.
10000111110011
What is -34246 (base 8) in base 3?
-201220010
Convert -1a0d (base 15) to base 4.
-1120012
-2002022 (base 4) to base 7
-33200
11107 (base 9) to base 4
1303102
2311 (base 8) to base 12
861
What is -22327 (base 9) in base 3?
-202100221
-11919 (base 13) to base 12
-16839
What is 2012102 (base 3) in base 9?
2172
220202 (base 3) to base 4
22130
4441 (base 6) to base 10
1033
What is 3102 (base 12) in base 7?
21353
Convert 314a (base 13) to base 8.
15246
What is -123 (base 7) in base 8?
-102
What is -1073 (base 15) in base 7?
-13104
What is -b07 (base 13) in base 3?
-2120010
23761 (base 8) to base 5
311400
-2431 (base 16) to base 7
-36004
What is 12 (base 9) in base 3?
102
Convert 109 (base 16) to base 5.
2030
-2389 (base 10) to base 4
-211111
What is -4012 (base 7) in base 6?
-10221
What is 120200200 (base 3) in base 6?
124543
What is -d97 (base 16) in base 9?
-4685
Convert 284 (base 9) to base 2.
11101110
2112011112 (base 3) to base 4
30020132
Convert -9774 (base 15) to base 6.
-404231
What is 8826 (base 10) in base 12?
5136
Convert 2941 (base 13) to base 15.
1b7d
Convert 1215 (base 14) to base 8.
6123
Convert -73 (base 16) to base 14.
-83
-371 (base 11) to base 7
-1200
Convert 2002001 (base 3) to base 10.
1513
7601 (base 15) to base 11
17846
330540 (base 6) to base 9
41546
What is -21132 (base 4) in base 5?
-4411
1226 (base 12) to base 16
7fe
What is -1214 (base 5) in base 6?
-504
What is 148 (base 9) in base 10?
125
Convert -12b0 (base 14) to base 4.
-303122
Convert 12400 (base 6) to base 8.
3520
Convert -7682 (base 9) to base 4.
-1120133
What is -6a7a (base 11) in base 9?
-13654
31123 (base 5) to base 12
121a
Convert -25ea (base 16) to base 5.
-302311
-112220 (base 3) to base 10
-402
What is 8327 (base 12) in base 8?
33717
-aae (base 16) to base 3
-10202021
Convert 3755 (base 11) to base 16.
1324
1322120 (base 5) to base 7
140235
What is -1244 (base 11) in base 16?
-655
What is 17027 (base 8) in base 13?
3677
Convert 25832 (base 9) to base 11.
12119
1a749 (base 12) to base 4
21202221
What is -344 (base 5) in base 15?
-69
What is -60 (base 12) in base 6?
-200
Convert -4451 (base 6) to base 13.
-61c
-100000101110 (base 2) to base 15
-949
Convert 281 (base 13) to base 10.
443
What is a92 (base 16) in base 14?
db4
Convert 403e (base 15) to base 8.
32367
Convert -1000000122 (base 3) to base 8.
-46364
Convert 2413 (base 5) to base 6.
1354
Convert 2433 (base 5) to base 6.
1412
266 (base 8) to base 9
222
What is 11508 (base 10) in base 14?
42a0
Convert -298a (base 15) to base 16.
-22c9
-173 (base 9) to base 3
-12110
What is -3861 (base 16) in base 12?
-8429
What is -1221212 (base 3) in base 12?
-9ab
136 (base 12) to base 16
ba
Convert 2302 (base 12) to base 14.
15bc
What is 210200 (base 3) in base 7?
1464
250355 (base 6) to base 16
569f
Convert -4041 (base 8) to base 9.
-2762
Convert -35b (base 12) to base 6.
-2155
Convert 110 (base 2) to base 11.
6
-191 (base 14) to base 8
-503
Convert -510 (base 10) to base 11.
-424
Convert 3230 (base 7) to base 9.
1515
Convert 3c97 (base 14) to base 10.
10717
Convert 2338a (base 11) to base 12.
17634
What is 1663b (base 13) in base 6?
530103
116ca (base 16) to base 11
49692
Convert -14585 (base 9) to base 10.
-9959
270 (base 14) to base 9
604
-1330 (base 7) to base 13
-304
What is -65a (base 15) in base 3?
-1222011
a141 (base 12) to base 8
42101
532 (base 13) to base 2
1101110110
What is -1155 (base 11) in base 13?
-8c4
8e6d (base 15) to base 7
154126
Convert -410 (base 11) to base 5.
-3440
-b (base 16) to base 15
-b
What is -21102021 (base 3) in base 16?
-151f
Convert 10000100111 (base 2) to base 14.
55d
What is 10113 (base 5) in base 15?
2dd
4850 (base 9) to base 3
11221200
What is 2555 (base 12) in base 2?
1000010010001
-d61 (base 14) to base 10
-2633
Convert -145421 (base 7) to base 10.
-28337
-21022 (base 4) to base 14
-2dc
Convert -1101001011 (base 2) to base 14.
-443
Convert b2b (base 16) to base 6.
21123
22010122 (base 3) to base 2
1011100101010
What is -12100021 (base 3) in base 8?
-7467
What is -117 (base 15) in base 2?
-11110111
Convert -1101002 (base 4) to base 6.
-40002
8a1 (base 16) to base 5
32314
-10011011001011 (base 2) to base 8
-23313
What is -111550 (base 7) in base 16?
-4d77
What is -3d6 (base 14) in base 8?
-1410
Convert 298 (base 15) to base 5.
4333
-10a (base 12) to base 14
-b0
111001010000 (base 2) to base 9
5021
What is 10203 (base 5) in base 13?
402
What is -ac0 (base 14) in base 6?
-13504
What is -200 (base 11) in base 8?
-362
What is 253 (base 16) in base 9?
731
4522 (base 10) to base 5
121042
Convert -2330002 (base 5) to base 3.
-2011022011
What is 5738 (base 11) in base 13?
3583
-13415 (base 7) to base 15
-1128
What is -10111111011 (base 2) in base 5?
-22111
What is b99 (base 12) in base 9?
2300
What is 11021 (base 5) in base 12?
535
Convert 178b (base 12) to base 16.
b1b
-1562 (base 7) to base 4
-21320
-5060 (base 9) to base 3
-12002000
602 (base 10) to base 12
422
273 (base 15) to base 16
22e
20122101 (base 3) to base 11
3703
What is a1 (base 12) in base 15?
81
-303112 (base 5) to base 4
-2120312
What is -1495 (base 13) in base 2?
-101110110011
86c (base 13) to base 3
1222102
30120 (base 6) to base 8
7540
-12001 (base 5) to base 2
-1101101100
5433 (base 9) to base 14
1659
What is -1232232 (base 4) in base 8?
-15656
-12e3 (base 16) to base 7
-20045
-12856 (base 10) to base 16
-3238
287c (base 14) to base 4
1233332
What is 8cd (base 14) in base 16?
6d5
-114 (base 8) to base 11
-6a
What is -11102122020 (base 3) in base 16?
-154b0
Convert 144 (base 8) to base 15.
6a
Convert -225260 (base 7) to base 11.
-28290
-2381 (base 10) to base 14
-c21
What is 105b (base 13) in base 6?
14305
What is 1220200211 (base 3) in base 12?
19987
120102 (base 3) to base 6
1532
Convert 121202212 (base 3) to base 15.
3952
Convert 1200102021 (base 3) to base 7.
165346
a69 (base 12) to base 2
10111110001
Convert 141242 (base 5) to base 9.
7878
Convert 14613 (base 12) to base 15.
86bc
d52d (base 15) to base 9
67707
What is 20c8b (base 14) in base 10?
79307
What is -142324 (base 5) in base 11?
-4532
Convert -189 (base 11) to base 13.
-13a
Convert -313431 (base 5) to base 13.
-4a10
Convert -5262 (base 7) to base 15.
-83c
Convert -27c5 (base 14) to base 8.
-15571
312102 (base 4) to base 3
11202200
Convert -2da (base 16) to base 7.
-2062
Convert 554 (base 7) to base 4.
10130
What is 701 (base 10) in base 3?
221222
-36089 (base 10) to base 12
-18a75
-101121121 (base 3) to base 11
-58a5
-1530 (base 13) to base 5
-44311
-3241 (base 13) to base 7
-26233
Convert 1974 (base 12) to base 13.
1555
-23301 (base 5) to base 6
-11513
What is 1213112 (base 4) in base 13?
301a
What is -1032 (base 6) in base 11?
-1a5
Convert 85d (base 14) to base 5.
23101
Convert -409b (base 16) to base 15.
-4d79
What is 11568 (base 11) in base 4?
10010023
-13a (base 12) to base 11
-163
What is 23144 (base 5) in base 4?
122022
-25a9 (base 11) to base 6
-23402
What is 10111110011 (base 2) in base 8?
2763
What is -968 (base 11) in base 7?
-3251
214414 (base 7) to base 5
2200334
Convert -1b2 (base 14) to base 8.
-540
Convert 100000101 (base 2) to base 